336?
297
What is the remainder when 55 is divided by 19?
17
Calculate the remainder when 325 is divided by 42.
31
Calculate the remainder when 1516 is divided by 66.
64
Calculate the remainder when 244 is divided by 63.
55
What is the remainder when 56 is divided by 15?
11
Calculate the remainder when 78 is divided by 30.
18
Calculate the remainder when 62 is divided by 7.
6
Calculate the remainder when 119 is divided by 24.
23
Calculate the remainder when 676 is divided by 128.
36
Calculate the remainder when 187 is divided by 97.
90
Calculate the remainder when 1145 is divided by 46.
41
Calculate the remainder when 393 is divided by 19.
13
What is the remainder when 3495 is divided by 125?
120
What is the remainder when 632 is divided by 136?
88
What is the remainder when 448 is divided by 24?
16
Calculate the remainder when 165 is divided by 24.
21
What is the remainder when 20 is divided by 8?
4
What is the remainder when 279 is divided by 48?
39
What is the remainder when 615 is divided by 31?
26
Calculate the remainder when 31 is divided by 13.
5
Calculate the remainder when 1281 is divided by 117.
111
Calculate the remainder when 223 is divided by 88.
47
Calculate the remainder when 2434 is divided by 97.
9
What is the remainder when 398 is divided by 29?
21
Calculate the remainder when 174 is divided by 8.
6
What is the remainder when 1665 is divided by 34?
33
What is the remainder when 329 is divided by 48?
41
What is the remainder when 43 is divided by 3?
1
Calculate the remainder when 6805 is divided by 74.
71
What is the remainder when 209 is divided by 54?
47
What is the remainder when 6052 is divided by 432?
4
What is the remainder when 303 is divided by 102?
99
Calculate the remainder when 289 is divided by 49.
44
Calculate the remainder when 8297 is divided by 100.
97
Calculate the remainder when 465 is divided by 36.
33
What is the remainder when 60 is divided by 13?
8
Calculate the remainder when 428 is divided by 215.
213
Calculate the remainder when 16460 is divided by 93.
92
What is the remainder when 261 is divided by 11?
8
What is the remainder when 315 is divided by 40?
35
What is the remainder when 189 is divided by 28?
21
Calculate the remainder when 2088 is divided by 92.
64
Calculate the remainder when 622 is divided by 48.
46
What is the remainder when 170 is divided by 82?
6
Calculate the remainder when 451 is divided by 125.
76
Calculate the remainder when 201 is divided by 41.
37
Calculate the remainder when 472 is divided by 65.
17
What is the remainder when 1117 is divided by 76?
53
Calculate the remainder when 4296 is divided by 14.
12
What is the remainder when 71 is divided by 15?
11
Calculate the remainder when 3104 is divided by 116.
88
What is the remainder when 52 is divided by 39?
13
Calculate the remainder when 755 is divided by 141.
50
Calculate the remainder when 205 is divided by 23.
21
Calculate the remainder when 1551 is divided by 152.
31
Calculate the remainder when 91 is divided by 16.
11
Calculate the remainder when 1884 is divided by 626.
6
Calculate the remainder when 440 is divided by 63.
62
What is the remainder when 750 is divided by 146?
20
What is the remainder when 3609 is divided by 129?
126
Calculate the remainder when 204 is divided by 26.
22
What is the remainder when 4797 is divided by 15?
12
Calculate the remainder when 310 is divided by 13.
11
Calculate the remainder when 78 is divided by 1.
0
What is the remainder when 3500 is divided by 103?
101
Calculate the remainder when 491 is divided by 161.
8
What is the remainder when 49 is divided by 28?
21
Calculate the remainder when 2151 is divided by 717.
0
What is the remainder when 1746 is divided by 345?
21
What is the remainder when 127 is divided by 12?
7
What is the remainder when 587 is divided by 98?
97
What is the remainder when 176 is divided by 116?
60
What is the remainder when 14297 is divided by 9?
5
Calculate the remainder when 1029 is divided by 165.
39
What is the remainder when 177 is divided by 33?
12
What is the remainder when 1050 is divided by 73?
28
What is the remainder when 92 is divided by 39?
14
What is the remainder when 3854 is divided by 61?
11
What is the remainder when 1936 is divided by 13?
12
Calculate the remainder when 1200 is divided by 67.
61
Calculate the remainder when 42 is divided by 22.
20
Calculate the remainder when 240 is divided by 27.
24
What is the remainder when 264 is divided by 5?
4
What is the remainder when 2887 is divided by 575?
12
What is the remainder when 152 is divided by 52?
48
Calculate the remainder when 434 is divided by 26.
18
What is the remainder when 145 is divided by 56?
33
Calculate the remainder when 141 is divided by 4.
1
What is the remainder when 111 is divided by 19?
16
What is the remainder when 67 is divided by 14?
11
What is the remainder when 176 is divided by 98?
78
Calculate the remainder when 3311 is divided by 13.
9
What is the remainder when 210 is divided by 24?
18
What is the remainder when 276 is divided by 55?
1
What is the remainder when 815 is divided by 395?
25
Calculate the remainder when 391 is divided by 33.
28
What is the remainder when 337 is divided by 168?
1
Calculate the remainder when 81 is divided by 4.
1
Calculate the remainder when 81 is divided by 4.
1
Calculate the remainder when 9488 is divided by 12.
8
Calculate the remainder when 331 is divided by 8.
3
Calculate the remainder when 689 is divided by 20.
9
Calculate the remainder when 244 is divided by 13.
10
Calculate the remainder when 585 is divided by 53.
2
Calculate the remainder when 199 is divided by 28.
3
What is the remainder when 153 is divided by 93?
60
Calculate the remainder when 602 is divided by 18.
8
What is the remainder when 273 is divided by 143?
130
What is the remainder when 36 is divided by 13?
10
What is the remainder when 256 is divided by 92?
72
What is the remainder when 78 is divided by 42?
36
Calculate the remainder when 165 is divided by 80.
5
Calculate the remainder when 7722 is divided by 1929.
6
Calculate the remainder when 571 is divided by 189.
4
What is the remainder when 279 is divided by 50?
29
Calculate the remainder when 49 is divided by 27.
22
What is the remainder when 38 is divided by 8?
6
What is the remainder when 282 is divided by 13?
9
What is the remainder when 734 is divided by 27?
5
What is the remainder when 178 is divided by 4?
2
What is the remainder when 710 is divided by 688?
22
Calculate the remainder when 404 is divided by 29.
27
What is the remainder when 798 is divided by 30?
18
What is the remainder when 107 is divided by 48?
11
What is the remainder when 89 is divided by 58?
31
What is the remainder when 570 is divided by 52?
50
Calculate the remainder when 1116 is divided by 362.
30
Calculate the remainder when 174 is divided by 51.
21
What is the remainder when 165 is divided by 57?
51
Calculate the remainder when 1745 is divided by 471.
332
What is the remainder when 114 is divided by 114?
0
What is the remainder when 2704 is divided by 42?
16
What is the remainder when 1069 is divided by 134?
131
Calculate the remainder when 1115 is divided by 32.
27
What is the remainder when 329 is divided by 248?
81
What is the remainder when 1652 is divided by 69?
65
What is the remainder when 418 is divided by 84?
82
Calculate the remainder when 536 is divided by 45.
41
Calculate the remainder when 22382 is divided by 9.
8
Calculate the remainder when 273 is divided by 147.
126
Calculate the remainder when 229 is divided by 8.
5
What is the remainder when 977 is divided by 13?
2
What is the remainder when 436 is divided by 88?
84
What is the remainder when 335 is divided by 53?
17
Calculate the remainder when 42 is divided by 4.
2
Calculate the remainder when 518 is divided by 131.
125
Calculate the remainder when 195 is divided by 22.
19
What is the remainder when 4 is divided by 4?
0
Calculate the remainder when 296 is divided by 287.
9
What is the remainder when 61 is divided by 26?
9
Calculate the remainder when 337 is divided by 168.
1
What is the remainder when 94 is divided by 24?
22
What is the remainder when 1712 is divided by 425?
12
What is the remainder when 392 is divided by 184?
24
What is the remainder whe